he remainder when b(-12) is divided by 9?
5
Let o(z) = z. Let h be o(-4). Let q = h - -9. Suppose 2*u - 7 - q = 0. Calculate the remainder when 11 is divided by u.
5
Let n(c) = -2*c**3 + c**2 - 7*c + 5. Let r be n(4). What is the remainder when r/(-3) + 0 + 1 is divided by 12?
10
Let a be (-2)/(-6) - 83/(-3). Suppose 5*t - 82 = a. Suppose 0 = i + 10 - 74. Calculate the remainder when i is divided by t.
20
Let z = -34 - -51. Let h = 16 - -17. Let m = h - z. What is the remainder when 31 is divided by m?
15
Let v = 11 - 6. Calculate the remainder when 19 is divided by v.
4
Let q(j) = j**3 + 5*j**2 - 8*j - 9. Let o be q(-6). Let x(b) = 26*b**2 + 1. Let y be x(-1). Suppose o*w = 6 + y. Calculate the remainder when w is divided by 4.
3
Let w be 1 + 3/2*2. Suppose -104 = -w*i - 0*i. Calculate the remainder when i is divided by 14.
12
Let k = -87 + 106. What is the remainder when 37 is divided by k?
18
Let g = -69 - -100. What is the remainder when g is divided by (-174)/(-21) + (-2)/7?
7
Suppose c = -0*c + 2*w + 267, 4*c + 5*w = 1016. Calculate the remainder when c is divided by 52.
51
Suppose 6*a + 10 - 94 = 0. What is the remainder when 110 is divided by a?
12
Suppose j = 2*j - 15. Suppose -6 = -3*w + 18. What is the remainder when j is divided by w?
7
Let s(g) = 3*g**2 + g + 2. Suppose -26 + 1 = -5*m. Suppose 56 = -b + m*b. What is the remainder when s(-3) is divided by b?
12
Let j = 143 - 93. Calculate the remainder when j is divided by 17.
16
What is the remainder when 3*((-248)/(-12) - -4) is divided by 25?
24
Suppose -2*h - 13 = 5. Let v = 12 + h. Suppose -3*p - 5*x + 101 = 0, 140 - 31 = v*p + x. Calculate the remainder when p is divided by 13.
11
Let i(o) = -o**2 - 11*o - 9. Let l(f) = -4*f - 4. What is the remainder when i(-8) is divided by l(-3)?
7
Let f(k) = -k - 1. Let y be f(0). Let l be y + 2*4 - 2. Suppose l = p - 7. Calculate the remainder when 34 is divided by p.
10
Suppose 37 = -2*x + 183. Calculate the remainder when x is divided by 25.
23
Let g(o) = -2 + o**2 - 25*o**2 + 9*o + 4. Let h(v) = 12*v**2 - 4*v - 1. Let b(i) = 3*g(i) + 7*h(i). What is the remainder when 34 is divided by b(-1)?
10
Suppose 5*x + 2 = -3. Let r(d) = 3*d**2 - d. Let n be r(x). Suppose -5*l = n*u - 209, -5*l + 2*u + 34 = -169. Calculate the remainder when l is divided by 14.
13
Let k = -155 + 93. Let g = 114 + k. What is the remainder when g is divided by 18?
16
Suppose -2*s = -s + 4, -3*d - 4*s - 13 = 0. Suppose -5 - 5 = -5*g. Calculate the remainder when g is divided by d.
0
Let g(b) = 2*b - 13. Let h be g(10). Suppose 2*r = h*r - 25, 40 = 3*x + 2*r. Suppose -3*d + 33 = -24. Calculate the remainder when d is divided by x.
9
Let z(t) = -t**3 + t**2 + 4. Let v be z(0). Suppose -3*d = v - 13. Suppose 3*c + d*l = 3 + 6, 5*l + 33 = c. Calculate the remainder when 31 is divided by c.
7
Let f = -3 - -12. What is the remainder when 34 is divided by f?
7
Calculate the remainder when ((-43)/1)/(54/(-45) + 1) is divided by 55.
50
What is the remainder when 127 is divided by (-2 - -4 - 0)*16?
31
Suppose -40 = -p - 3*p. Calculate the remainder when p is divided by 4.
2
Suppose -4*t = l - 35, -5*l = 2*t - 187 - 24. Suppose k - l = 2*x - 12, -56 = -2*k + 2*x. Calculate the remainder when k is divided by 13.
12
Let x(h) = -28*h - 3. Suppose -2*t = -l + 3, 4*l + 2*t = 3*t - 2. Calculate the remainder when x(l) is divided by 9.
7
Suppose -3*y + 11 = -52. Calculate the remainder when y is divided by 11.
10
Let l = -3 - -6. Let g(d) = d**2 - 4*d + 3. Let j be g(l). Suppose j*p - 4*p + 28 = 0. What is the remainder when p is divided by 5?
2
Let f be (1/3)/((-3)/(-45)). Let a = f - 1. Calculate the remainder when 5 is divided by a.
1
Suppose -3*x = -26 - 16. Calculate the remainder when 21 is divided by x.
7
Let l(o) = o**2 - 7*o - 6. Let f(y) = -4*y + 1. Suppose 0*w - 4 = 4*w. Calculate the remainder when f(w) is divided by l(8).
1
Let x be 0/(4 - 1 - 1). Suppose 3*l + x*l = 6. Calculate the remainder when 9 is divided by l.
1
Suppose 3*w + 3*p = -w + 173, -5*w - 2*p + 211 = 0. Suppose 0 = -5*s + 4 + w. What is the remainder when 15 is divided by s?
6
Let a = 64 + -34. Suppose -5*t + 3*n = -42, 3*n = 3*t - 0*n - a. Suppose -2*u = -4 - t. Calculate the remainder when 13 is divided by u.
3
Suppose -6*h + 2*h = 8. Let n = 59 + h. What is the remainder when n is divided by 15?
12
Let d = 72 + -46. Calculate the remainder when d is divided by 14.
12
Suppose -5 = -2*p + 9. Calculate the remainder when 11 is divided by p.
4
Let y = 122 + -84. Let t = -18 + y. What is the remainder when 39 is divided by t?
19
Let j = -24 + 35. Suppose 3*m - 1 - j = 0. Suppose -q + 2*q - m = 0. Calculate the remainder when 15 is divided by q.
3
Let a(d) = -d**2 - 8*d. Let l(x) = -x + 15. Let s be l(12). Let t be (-8 - (-4 + s))*1. Calculate the remainder when 19 is divided by a(t).
5
Let h be (1 - 1)/(0 + -2). Suppose h = 5*v - 0*m - 4*m - 316, -5*m = 3*v - 197. Suppose 3*j - v = 77. What is the remainder when j is divided by 16?
15
Suppose -4*x = -40 - 120. What is the remainder when x is divided by 14?
12
Suppose 0 = 2*s + 7*s - 1332. What is the remainder when s is divided by 30?
28
Let r(g) = -g**3 + 10*g**2 - 5*g + 12. Suppose 3*f - 67 = -4*y, 0 = 5*f + 4*y - 6 - 95. Calculate the remainder when r(9) is divided by f.
14
Let h(v) = -v**3 - 6*v**2 + 2. Let b be h(-6). Suppose 3*w = -2*r - 0*w + 32, 3*r = b*w + 74. What is the remainder when 64 is divided by r?
20
Suppose -1 = 2*c - 0*c + 3*r, 0 = -5*c - 2*r + 25. Suppose 0 = -3*y - 4*w + 62, -2*y + 7*y = 3*w + 84. Calculate the remainder when y is divided by c.
4
Suppose z + 3*b + 0 = -6, -2*z - b + 13 = 0. Let g(t) = 3*t**3 + 3*t**2 + t - 2. Let w be g(-2). Let f = w - -32. What is the remainder when f is divided by z?
7
Suppose -4*z = -4*x + 32, -8*x + 3*x + 10 = 0. Let c(y) = -y**2 - 10*y - 4. What is the remainder when c(z) is divided by 31/3 - (-4)/6?
9
What is the remainder when (7/(-4))/(1/204*-3) is divided by 20?
19
Suppose -218 = -6*t + 94. Calculate the remainder when t is divided by 14.
10
Let k(b) = -7*b - 3*b + 2*b - 11*b. What is the remainder when 2*28/(-10)*-10 is divided by k(-1)?
18
Let i(g) = -6*g + 4. Let v be i(-9). Let l = -35 + v. Calculate the remainder when 43 is divided by l.
20
Let p = 96 + -52. Calculate the remainder when p is divided by 15.
14
Suppose 0 = 2*i - 3*i. Suppose i = 3*o + 11 - 56. Suppose -5*m = 2*f - 81, 0 = 5*f - 2*m + 35 - 165. Calculate the remainder when f is divided by o.
13
What is the remainder when (0 - 25/10)*-18 is divided by 17?
11
Suppose 11*a + 225 = 20*a. What is the remainder when 46 is divided by a?
21
Let k = 51 + -17. Let y = -99 - -111. Calculate the remainder when k is divided by y.
10
Let c = 56 + -42. What is the remainder when c is divided by 5?
4
Let d = 57 - 40. Suppose 31 = 2*x - 65. What is the remainder when x is divided by d?
14
Suppose 5*m - 12 = -2. What is the remainder when 13 is divided by (-1 + m)/((-1)/(-7))?
6
Suppose q - 13 - 5 = 0. Suppose -2*f + f = 5*y - 1, 5*f = -2*y - q. Calculate the remainder when y is divided by 1.
0
Let m be ((-12)/8)/((-3)/78). Suppose q = -2*z + 5*z - m, 5*q = 3*z - 39. Calculate the remainder when 25 is divided by z.
12
Let l(i) = -i**2 - 2*i + 1. Suppose 0 = p - 5*s + 19, -s + 15 = -p + 3*s. What is the remainder when p is divided by l(-2)?
0
Suppose 0 = -6*o + 3*o + 66. What is the remainder when 42 is divided by o?
20
Let s(g) = 12*g - 7. Let v(o) = -o**3 - 6*o**2 + 7*o + 6. Let c be v(-7). Let p be s(c). Suppose -j = 4*j - p. What is the remainder when j is divided by 5?
3
Suppose 4*a = v + 3*a - 4, 6 = 2*a. What is the remainder when v is divided by 2?
1
Let m = 84 - 46. Let a(z) = -7*z - 1. Let g = 3 + -5. What is the remainder when m is divided by a(g)?
12
Suppose -7*l - 10*l = -85. What is the remainder when 14 is divided by l?
4
Suppose 0 = -n - 3*k - 14, 29 = n - 4*k + 8. What is the remainder when ((-2)/3)/(1/(-3)) is divided by n?
0
Let a = -44 + 74. Let p be 3/1 + 2 + -4. Let v(y) = 16*y. What is the remainder when a is divided by v(p)?
14
Suppose -4*v + 13 = 1. Suppose -5*u + v*u = -26. What is the remainder when u is divided by 4?
1
Let w(t) = -t**3 + 6*t**2 - 3*t + 5. Suppose -5*n + v = -n - 23, 3*n = 3*v + 24. Let x be 